.
2, 3
Let s(y) = y**2 - 9*y - 5. What are the prime factors of s(10)?
5
Suppose 12*h + 190 = 17*h. What are the prime factors of h?
2, 19
Let i(g) = -g - 5. Let a be i(-10). Let p(r) = r**3 - r**2 - 3*r - 2. Let b be p(-2). Let k = a - b. What are the prime factors of k?
13
Suppose 0 = w - l - 5, -20 = -w + 5*l - l. Let v(u) be the third derivative of u**5/60 + 7*u**3/3 + 14*u**2. List the prime factors of v(w).
2, 7
What are the prime factors of 27 - (-1)/((-1)/(-3))?
2, 3, 5
Let c(f) = -4*f + 0*f - 3*f**2 + 2*f**2. What are the prime factors of c(-3)?
3
Let g = 2 + 27. Let u = g - 11. List the prime factors of u.
2, 3
Let r(l) be the third derivative of 1/24*l**4 + 1/10*l**5 + l**2 + 0*l - 1/120*l**6 + 2/3*l**3 + 0. What are the prime factors of r(6)?
2, 5
Suppose 7 - 407 = -5*a. Let i = a - 44. Suppose -4*t + i = 2*l, 3*t - t - 18 = -5*l. List the prime factors of t.
3
Suppose 0 = -9*c - 2 + 20. List the prime factors of c.
2
Suppose -46 = -h - 4*o, h + o - 6 = 5*o. What are the prime factors of h?
2, 13
Let h(z) = 6*z + 1. Let o be h(-1). Let b(d) = 11 + d**2 + 4*d + 4*d - 13 - 4*d. What are the prime factors of b(o)?
3
Suppose -4*w - 8 = 0, -t = -6*t - 4*w + 632. List the prime factors of t.
2
Let w = 4 - 0. Let m be (-2)/w - 98/(-4). Suppose -k = -5*k + m. What are the prime factors of k?
2, 3
Let i(f) = -f**3 - 4*f**2 - 3*f + 3. Let d be i(-3). Let h(n) = -n**3 + 4*n**2 + 3*n - 3. What are the prime factors of h(d)?
3, 5
Let t be (-18)/(-4) + 3/(-2). Suppose 0*w + t*w - 73 = j, -4*j + 72 = 2*w. List the prime factors of w.
2, 13
Let t = -154 - -163. Let f(d) = 5 - 1 - 1 + d**2 - 9*d. What are the prime factors of f(t)?
3
Let a be 2 + 0 - (-6 + -50). Suppose -3*l - a = -6*l + i, -5*l + 98 = -2*i. List the prime factors of l.
2, 3
Let t(g) = -g**3 + 5*g**2 + 6*g + 4. Let i be t(6). Suppose -28 = -2*p - 5*q, -5*p + 3 + 1 = -i*q. Suppose 39 - 15 = p*y. What are the prime factors of y?
2, 3
Suppose -o - 3*c + 3 = -9, 5*c - 20 = 4*o. Let a = 0 - o. Suppose -3*v = -a*v - 33. What are the prime factors of v?
11
Suppose -c - c = -10. Suppose c*f = 4*z + 13, -11 = -3*f - z + 5*z. Let v = f + 3. List the prime factors of v.
2
Let q(j) = -2*j**3 + 8*j**2 - 2*j**3 + 9 + 0*j**3 + 7*j + 5*j**3. List the prime factors of q(-7).
3
Let x = -7 - -15. Suppose x = -3*z + 5*z. Suppose 3*u = z*u - 9. List the prime factors of u.
3
Suppose 3*k - 85 = -4*c, 5*k - 4*c - 90 = 3*k. What are the prime factors of k?
5, 7
Let z be 6/(4 - 7) + 4. List the prime factors of (-2)/(z/(-1)) - -31.
2
Suppose 0 = 2*v + 3*k - 0*k - 262, -5*k = 20. What are the prime factors of v?
137
Suppose 2 + 4 = 3*r. Let v be ((-2)/(-4))/(r/(-20)). Let i(h) = h**2 + 3*h - 7. What are the prime factors of i(v)?
3
Let w(l) = -47*l**2 - 1. Let y be w(-1). Let h = -30 - y. List the prime factors of h.
2, 3
Let q be 6/(-4)*(-1148)/(-21). Let k = -58 - q. What are the prime factors of k?
2, 3
Suppose -15 = -5*s, -4*s + 20 + 12 = 5*v. Suppose 0 = 3*w + 3*i + v - 16, 0 = 5*i + 10. Suppose 4*o = w*o - 10. List the prime factors of o.
5
Let o = -18 - -38. Suppose -5*u + 3*u = -o. What are the prime factors of u?
2, 5
Let z(p) = p + 10. Let s be z(-5). Let t be s/10 + 3/2. List the prime factors of (-3)/(-12)*t*22.
11
Let r be 1/((-2)/8) - 2. Let f = r + 10. Suppose 0 = 3*c + f*z - 40, 3*c + z = 2*z + 20. List the prime factors of c.
2
Suppose -2*s + 222 = 4*z, 3*z - s + 223 = 7*z. Let l = 26 - -14. Let h = z - l. List the prime factors of h.
2
Suppose -3*r = 2*r - 25. List the prime factors of r.
5
Let s be 6/2 - (-1)/1. Let g(z) = z - 1. Let b be g(0). Let q = s - b. What are the prime factors of q?
5
Let o = 12 - -88. List the prime factors of o.
2, 5
Let c(i) = 2*i**3 - 2*i**2 - 2*i + 1. Let q be 1 - 1 - 3/(-1). What are the prime factors of c(q)?
31
Let r(u) = -u**2 + 2*u + 2. Let k be r(4). List the prime factors of (-125)/(-10) + 3/k.
2, 3
Let t(i) be the third derivative of 0 + 1/6*i**3 + 0*i + 1/4*i**4 + 3*i**2. List the prime factors of t(1).
7
Suppose -28*c + 1110 = -25*c. What are the prime factors of c?
2, 5, 37
Let o be (3 - 0) + -5 - -32. What are the prime factors of 1*2 - o/(-5)?
2
Let u = 17 - 6. Suppose u = 4*j - 5. Suppose j*q - 2*y = 40, 5*q - y = 22 + 31. What are the prime factors of q?
11
Let g be 6/9*(-15)/(-2). Suppose -4*c = -3*c - g. Suppose s - 5*r = 7, -4*s + 0*r - c*r = -3. List the prime factors of s.
2
Let g(o) = o**3 + 9*o**2 + 7*o - 2. Suppose 4*d - 32 = 6*d. Let f be (-15)/5*d/(-6). List the prime factors of g(f).
2, 3
Let t = 94 + -64. What are the prime factors of t?
2, 3, 5
Let d be -16 + 2 + -3 - -2. Let l = d - -27. What are the prime factors of l?
2, 3
Suppose -26 = f - 2*f. What are the prime factors of f?
2, 13
Let a = -352 + 629. List the prime factors of a.
277
Let j(i) = -i + 11. Let b = 25 - 18. List the prime factors of j(b).
2
List the prime factors of (-82)/(-4) + 8/16.
3, 7
Suppose 2*v - 5 = 3. What are the prime factors of v?
2
Let t = 43 + 26. List the prime factors of t.
3, 23
What are the prime factors of (4/(-6))/((-8)/1524)?
127
Let j(m) = -m**2 - 7*m - 3. Let h be (-6 - 0) + 2 + -1. Let p be j(h). List the prime factors of 3*-1 + 2 + p.
2, 3
Let b(r) = -3*r**3 - 2*r**2 - r. List the prime factors of b(-1).
2
Suppose 63 = s + 2*v, -3*s - 2*v = -7*v - 200. What are the prime factors of s?
5, 13
Suppose -m + 30 = 4*m. Suppose -m*s + 12 = -s + g, -3*g + 6 = 0. Suppose f = 5*d - 3*f - 58, -22 = -s*d + 2*f. List the prime factors of d.
2, 7
Suppose 25 + 20 = -a. Let b = 63 + a. List the prime factors of b.
2, 3
Let o = -18 - -64. List the prime factors of o.
2, 23
Let j(q) = q**3 - 11*q**2 - 7*q - 14. What are the prime factors of j(12)?
2, 23
What are the prime factors of (1 + -18)/(-1 + 0)?
17
List the prime factors of (-428)/(-8) - -1 - (-1)/2.
5, 11
Suppose 332 = 3*v + 98. What are the prime factors of v?
2, 3, 13
Suppose -5*u = 20 - 0. Let y(g) = 8*g**2 + g. Let f be y(1). Let l = u + f. What are the prime factors of l?
5
Let i(y) = -6*y - 2. Let o be i(-2). Suppose 0 = 5*g + o, -3*s = s - 4*g + 1280. What are the prime factors of s/(-21) - 2/(-3)?
2
Suppose 4*z = 33 + 23. Suppose -5*r + z + 11 = 0. List the prime factors of r.
5
Suppose 0*f + f + 3*n + 12 = 0, 3*f - 34 = 5*n. Suppose b - f*c - 18 = -0*b, -5*c - 10 = 5*b. Let y = 4 + b. What are the prime factors of y?
7
Suppose 4*l = -20, -3*l - 49 = 3*n - n. Let q = n + 63. List the prime factors of q.
2, 23
Suppose -5*i + 2*q + 16 = -0*q, 3 = -q. Suppose i*g - 1 + 3 = 0. What are the prime factors of 0 - g*2 - -6?
2
Let a(w) = -6*w - 2 + 2 - 8. List the prime factors of a(-6).
2, 7
Suppose 5*v - 18 = -2*j, j = 4*v + 3*j - 14. Let z be 1*-3 + v + -3. List the prime factors of -2 + 9*2 - z.
2, 3
Suppose 2*y - 17 + 1 = 0. Let o(k) = k**3 - 8*k**2 - 2*k - 2. Let t be o(y). Let n = 28 + t. What are the prime factors of n?
2, 5
Let o be (2 - 5)/((-3)/4). Suppose -o + 38 = 2*z. What are the prime factors of z?
17
Suppose 12*x - 5*x - 728 = 0. What are the prime factors of x?
2, 13
Let z be 2*(-15)/18*-3. Let a = -1 + z. Suppose u - a + 0 = 0. List the prime factors of u.
2
Suppose 4*r = 5*n - 9, -2*n + 21 = 5*r - 9. What are the prime factors of r?
2
Let s(c) = c - 4. Let r be s(10). List the prime factors of 4/r - 100/(-12).
3
List the prime factors of 1*((-134)/(-4))/((-4)/(-8)).
67
Let g be -1 + 7 - (-2 + -1). Suppose -5*d + 34 = f, -g + 1 = -2*f + 5*d. List the prime factors of f.
2, 7
Let j = -1 + 3. Suppose 4*k - 3*p + 2*p - 10 = 0, -j*p - 2 = k. List the prime factors of 0 - (-21)/(k + 1).
7
Let i = 8 - 4. Let l = 31 + -15. Suppose 2*a = i*a - l. What are the prime factors of a?
2
Suppose -69 = 3*w - 6*w. What are the prime factors of w?
23
Let o(u) = -u - 1. Let i be o(-6). Suppose 4*x + i = 13. Suppose 7 = -2*r - 2*v + 49, -x*v = -6. List the prime factors of r.
2, 3
Let a(u) = -u**3 + 4*u**2 - 4*u. Let o be a(3). Suppose 0 = 6*v - 3 - 57. What are the prime factors of 86/v - o/(-5)?
2
Suppose 314 = 4*c + 2*i, c + 3*c - 329 = 3*i. Suppose 296 = 4*g + c. What are the prime factors of g?
2, 3
Let b(u) = -2*u**3 - 5*u**2 - 3*u + 1. List the prime factors of b(-3).
19
Let d be -3 - (1 + -8) - 4. Suppose d = -0*w + 4*w - 188. What are the prime factors of w?
47
Suppose 8*f = 3*f - 25, 5